 t(z) = 15*z**2 - 4*z + 11. Let f(a) = -7*a**2 + 2*a - 6. Let o = -19 - -13. Let l(i) = o*t(i) - 13*f(i). Is l(0) a multiple of 9?
False
Suppose p + 20 = -3*m - 4, -2*m - 16 = 5*p. Is 11 a factor of 4/m*4 - -90?
True
Let c(q) = -q**3 - 6*q**2 - 1. Let g be c(-6). Let v be (18/(-15))/(g/20). Let r = v + -12. Is r a multiple of 3?
True
Let q be (-16)/(-5)*10/4. Is (-1 - (-2)/q) + (-2860)/(-80) a multiple of 6?
False
Is 5*44 - (-30)/10 a multiple of 9?
False
Let h(d) = -d - 4. Let s be h(-4). Suppose s = -3*w - 15 - 48. Is (-6)/w + 52/14 a multiple of 3?
False
Let z = 9 + -17. Let b(v) = v**2 + 5*v. Is b(z) a multiple of 12?
True
Let n(r) = -3*r - 1. Let z(j) = 7*j + 2. Let u(m) = -5*n(m) - 2*z(m). Let o be u(1). Suppose -5*i - 14 = -4*h, 5*i - o = h + 2. Does 2 divide h?
True
Let c be -16 + 18 + 2/2. Is 6 a factor of 36/2*1/c?
True
Let d(b) = 28*b**2 + 31*b - 2. Does 25 divide d(2)?
False
Suppose -6*z + 429 = 1869. Is (z/28)/((-2)/77) a multiple of 10?
True
Suppose -r - 25 = 13. Let q = r - -56. Does 17 divide q?
False
Suppose 0 = -8*u + 7*u + 24. Let n = 0 + 2. Suppose w - 2*i - 11 = 0, -u = -3*w + w + n*i. Is 13 a factor of w?
True
Does 13 divide -23 + 27 - (-789 - -2)?
False
Suppose -4*c = -3*c. Suppose 5*u + 105 = -c*u. Let d = 43 + u. Does 22 divide d?
True
Suppose -19 = 4*s + 2*m + 41, 2*s + 40 = 4*m. Let g = 22 + s. Suppose -k = -g*k + 385. Is 11 a factor of k?
True
Suppose 357 = 5*s - 18. Let a = -48 + s. Does 9 divide a?
True
Suppose 4*s = 65 + 239. Suppose 0 = -5*g + s + 14. Suppose 22 + g = 4*f. Is 7 a factor of f?
False
Is -4 - 37/(148/(-11040)) a multiple of 34?
False
Let v(a) = -11*a + 3 - 1 + 0 - 3. Let y = -31 + 30. Is v(y) a multiple of 10?
True
Suppose 31 = 2*u - 71. Does 17 divide u?
True
Suppose t + 1 = 3. Suppose t*n = -0*n + 44. Is 4 a factor of n?
False
Let a = 47 + -37. Let b be (-15)/(-2)*(-12)/a. Let w(p) = -p**3 - 8*p**2 - p - 8. Is 17 a factor of w(b)?
False
Let l(s) = s**3 - 6*s**2 + 6. Let q = -69 - -75. Does 3 divide l(q)?
True
Let i(o) = -24*o - 56. Does 7 divide i(-5)?
False
Suppose 2*y - 24 = -22. Suppose 0 = 2*n + y - 19. Is n a multiple of 4?
False
Let q = -33 + 42. Suppose 0 = q*o - 2*o - 287. Is o a multiple of 3?
False
Let p = -35 - -40. Suppose 61 = p*f - 99. Is f a multiple of 8?
True
Is 754/4 + -1 + 7/14 a multiple of 3?
False
Suppose -3*r = -3*z + 1602, 4*z - 2142 = -16*r + 17*r. Is z a multiple of 4?
True
Suppose -5*n = -0*n - 100. Let x = -81 + 86. Let r = n + x. Does 6 divide r?
False
Suppose 5*a - a + 2 = -m, -3*a - 3 = 0. Let c(t) = -6*t**2 + 7*t + m*t**3 + 3*t**3 - 7*t**3. Is 23 a factor of c(-5)?
False
Let w = -571 - -831. Is w a multiple of 10?
True
Suppose -31*f = -32*f + 8. Is f/(-14) + (-134)/(-14) a multiple of 2?
False
Suppose -3*n - h = 701 - 197, 4*n + 679 = h. Let j = n + 515. Is 25 a factor of (-8)/(-28) + j/14?
True
Suppose 3*y + z = 124 + 665, 9 = 3*z. Is 17 a factor of y?
False
Let f = -1550 + 1772. Is f a multiple of 2?
True
Let a = 10 + -8. Suppose -3*u - 3 = a*y, 4*y + y - 12 = -u. Suppose 2*n - 275 = -y*n. Does 16 divide n?
False
Suppose -1499*w + 27765 = -1490*w. Does 37 divide w?
False
Suppose -3*k + 598 = -20. Is k a multiple of 103?
True
Let r(n) = 4*n + 32. Let i(t) = t - 3. Let f be i(-3). Is 2 a factor of r(f)?
True
Let k = 137 - 104. Does 3 divide k?
True
Let g = 1093 - 858. Is g even?
False
Let v = -513 + 2119. Is v a multiple of 73?
True
Let s be 8 + -3 + 396/(-4). Let v = 146 + s. Is v a multiple of 10?
False
Let w be (2 + -2)*(3 - 2). Suppose w*d - d = -50. Suppose -l = -2*q + 65, -2*q + 0*q - 4*l = -d. Is q a multiple of 16?
False
Suppose 2*h + 4*a - 1208 = 0, 4*a = 4*h - 0*h - 2428. Is h a multiple of 36?
False
Let r = 1307 + -475. Suppose 6*s - r = -2*s. Does 48 divide s?
False
Let o = -126 + 446. Does 20 divide o?
True
Suppose 231 + 1833 = 43*z. Does 48 divide z?
True
Let y = 36 + -27. Let q(j) = j**2 - 5*j + 5. Let h be q(8). Let x = h - y. Is x a multiple of 10?
True
Let f(o) = -o**3 + 17*o**2 - 17*o - 29. Does 16 divide f(12)?
False
Let c = -16 + 30. Is 7 a factor of (-2)/(52/c + -4)?
True
Let q(k) = k - 1. Let l(j) = -39*j - 28. Let g(z) = l(z) - 3*q(z). Is g(-4) a multiple of 19?
False
Let f(u) = 2*u**2 + 28*u - 40. Is 26 a factor of f(-18)?
True
Let r = -13 + 15. Suppose -13 - r = -a. Suppose d = 3*o + 3 + a, 3*d + 2 = -5*o. Is 5 a factor of d?
False
Let g = -5 - -7. Suppose -g*q + 2*u = -5*q + 110, 5*q - 3*u = 177. Suppose -4*d - 3*b + 91 = 0, 2*d + 8 = 2*b + q. Is d a multiple of 9?
False
Let d be (-3 - 4/(-2))*-1. Is 11 a factor of (-6)/12*-11*(15 - d)?
True
Suppose 0 = -2*z - 2*m + m - 3, 0 = -3*m - 9. Suppose -h - 6 = -3*h. Let i = h - z. Is 3 a factor of i?
True
Suppose -2*h + 746 = 5*s, -2*h - 226 = -3*s + 212. Does 3 divide s?
False
Let x(m) = 2*m - 7. Let j be x(5). Let z(q) = -5 + j*q + 2*q - 4*q**2 - 7*q + q**3. Is z(5) a multiple of 3?
False
Suppose -115*n + 1070 = -110*n. Is n a multiple of 6?
False
Is 0 + 143 + 13 + -6 + -5 a multiple of 3?
False
Suppose 92 = -v - 3*v. Let m be (-2 + 1)*(v + -1). Is 7 a factor of (16/6)/(2/m)?
False
Let l(j) = 3*j + 402. Is l(-39) a multiple of 54?
False
Suppose 0 = -3*q + 11 + 4, 4*i - 4055 = 5*q. Suppose 2*z - i = -4*z. Is 17 a factor of z?
True
Let j = -1520 + 1573. Does 3 divide j?
False
Let f(d) = 2 + 13*d - 8 - 9*d**2 - 3*d**3 + 2*d**3. Suppose 2*g + 28 = -4*n + 2*n, n = 4*g + 1. Is 26 a factor of f(n)?
False
Let f(i) = i**2 - 40. Let b(q) = -15*q + 5. Let c be b(1). Does 4 divide f(c)?
True
Let l be (8 - 7)/(1/(-3)) - -6. Let o(u) = 5*u**3 + u**2 - 4*u + 5. Does 16 divide o(l)?
False
Suppose 4*s - 3*h - 20 = 0, 0*h = -5*s + 5*h + 30. Suppose -160 = -4*n + s*i, -5*n + 2*i + 200 = 3*i. Does 20 divide n?
True
Suppose -3*o + 4 = -o. Suppose -438 = o*j + 2*j - 2*n, 336 = -3*j - n. Let g = 201 + j. Does 10 divide g?
True
Let c = 525 - 358. Is 9 a factor of c?
False
Suppose 0 = 4*a + 3*w - 1050, 4*a + 260 = 5*a + 2*w. Let f = a - 90. Is f a multiple of 22?
False
Let b = 1523 + -829. Is 137 a factor of b?
False
Suppose -2*n + 4*n = -8. Is 14 a factor of (3 - 59)*3/n?
True
Let y = 1383 - 952. Suppose -4*d + 558 = -4*x + 142, 4*d + x = y. Is d a multiple of 10?
False
Let h(r) be the first derivative of 1 - r**2 - 5 + 5*r + 46*r + 0*r. Is 20 a factor of h(0)?
False
Let l(s) = -s - 15*s**2 - s**2 - 18 + 19*s**2. Is l(-8) a multiple of 26?
True
Let a(o) = o**3 + 14*o**2 - 56*o + 8. Is 2 a factor of a(-17)?
False
Let k(f) = 12*f + 68. Does 4 divide k(-4)?
True
Suppose -b = -5*b - 2*m + 18, 3*b - 16 = -m. Let o = 44 - b. Is o a multiple of 23?
False
Let m = 3047 + 2793. Is 16 a factor of m?
True
Does 4 divide (3 - 27)*(91/(-14) - -5)?
True
Let m(s) = -s**2 + 3*s + 7. Let c be m(5). Let b = c + 7. Suppose -4*o = 4*n - 40, 3*o = 4*o - b. Is n a multiple of 4?
False
Let o(c) = c - 4. Let b be o(7). Suppose -v + 5*p = -21, b = -2*v - 4*p - 11. Does 13 divide (6 + (v - 3))*22?
False
Does 20 divide (-15)/((168/(-32))/7)?
True
Suppose 95 = 3*c - 52. Let g = 70 - c. Suppose j - 2*s = 1, -3*s + s = j - g. Is 5 a factor of j?
False
Let u be ((-8)/(-7) + -2)*7. Let p be 1/u - 10/(-60). Let l(x) = -x**2 + x + 31. Does 10 divide l(p)?
False
Let x be (-4)/(-8)*(4 - (3 + -3)). Suppose 2*t - g - 327 = 0, -x*t = -4*t + 4*g + 342. Is 23 a factor of t?
True
Let o = -2025 + 2175. Is o a multiple of 50?
True
Suppose 0*j = 3*j + 4*u - 62, -76 = -4*j - 2*u. Is 6/j + (-35)/(-3) a multiple of 7?
False
Let v = 439 - 403. Is v a multiple of 4?
True
Let r = 1503 + -97. Is 36 a factor of r?
False
Let s = 17 - 14. Let c(q) = -23 - 4*q + 70 + s*q. Is c(0) a multiple of 8?
False
Let d(c) = 7*c**3 - 2*c**2 + 2*c. Is d(3) a multiple of 33?
False
Suppose -6*c + 1304 = -796. Suppose 11*a = 13*a - c. Does 14 divide a?
False
Suppose 4*w = 9 + 7. Let z(f) = w*f - 2 - 1 + 5*f + f**2 - 10*f. Is 2 a factor of z(-3)?
False
Let f(m) = m**3 - 3*m**2 + 4*m. Let p be f(3). Suppose -14*y - p = -18*y. Suppose 0 = -w - 3, 66 = y*t + 5*w - 0*w. Is 27 a factor of t?
True
Suppose -6*u + 310 = -8. Is u a multiple of 25?
False
Let f be 6/8 - 185/(-20). Suppose -f = -5*j + 5*o, -3*o - 8 = j - 5*j. Let l(n) = 4*n**3 + 2*n**2 + n. Is l(j) a multiple of 16?
False
Suppose 0*x + 2*x - 8 = 0. Suppose -x*t + 15 = t. Suppose -t*i + 34 + 44 = -3*l, i + 3*l - 42 = 0. Does 10 div